4
Let j(f) be the third derivative of 1/24*f**4 + 6*f**2 + 0*f + 0 - 1/2*f**3. Let m(a) = -a**3 - 5*a**2 - 5*a. Let x be m(-4). Determine j(x).
1
Suppose 0 = -4*w + 1 - 29. Let i(j) be the third derivative of -1/2*j**3 + 0 + 0*j - 1/24*j**4 + 12*j**2. Give i(w).
4
Let c be (-1)/2 + (-630)/(-28). Suppose a = -a + 4, 0 = -5*t - a + c. Let v be (4/6)/(t/24). Let q(o) = 3*o + 3. What is q(v)?
15
Let p(x) = 5*x**2 - 4*x + 3. Let s be p(2). Let r(z) = 4 + 7 - s - z. What is r(-4)?
0
Let n(o) = 3*o**3 - 6*o**2 + o - 1. Let s(a) = 16*a**3 - 32*a**2 + 6*a - 4. Let y(x) = 11*n(x) - 2*s(x). What is y(0)?
-3
Let x(f) = 3*f**3 - 1 - 25*f**3 + 18*f**3 + 29*f**3 - 2*f - f**2. Determine x(-1).
-25
Let k(x) = 23*x - 95. Let n(q) = -4*q + 16. Let y(d) = 6*k(d) + 34*n(d). Determine y(14).
2
Let n(i) be the third derivative of i**6/120 - 13*i**5/60 - 7*i**4/12 - 8*i**3/3 + 5*i**2 + 133. Determine n(14).
-16
Let l(b) be the second derivative of b**5/60 + b**4/12 - b**3/6 - 25*b**2/2 + 9*b. Let y(v) be the first derivative of l(v). Determine y(-4).
7
Let f(y) = 7*y**2 + 17*y + 37. Let d(u) = 2*u**2 + 6*u + 12. Let g(b) = 10*d(b) - 3*f(b). Calculate g(8).
17
Let f(i) = -i**2 + 13*i - 27. Let b be f(10). Let y(j) = 2*j**3 - 3*j**2 - 4*j - 1. Calculate y(b).
14
Let r(m) = -7*m - 7. Suppose 3*s + 1 = -5*w, -2*w = 1 + 9. Let k(v) = 11*v + 10. Let x(z) = s*r(z) + 5*k(z). Give x(-6).
0
Let k(b) be the first derivative of -b**3/3 + 4*b**2 + 62. Determine k(7).
7
Suppose 3*h + h - 3*u - 28 = 0, -4 = u. Let p(l) = -l**3 + 2*l**2 + 9*l - 4. What is p(h)?
0
Let r(f) be the second derivative of -1/6*f**4 + 1/2*f**2 + 1/20*f**5 + 0 - 5*f - 5/6*f**3. What is r(4)?
13
Let x(k) = -13*k - 59. Let m be x(-5). Let d(i) = 2*i**2 + 3*i - 12. Let y(o) = -o**2 - 4*o + 11. Let j(c) = 2*d(c) + 3*y(c). Calculate j(m).
9
Let m(u) = -32*u**2 + 10*u**2 + 11*u**2 - 4*u + 3 + 15*u**2. Determine m(4).
51
Let o(d) be the second derivative of -d**4/24 - d**3/3 - 4*d**2 + 23*d. Let f(t) be the first derivative of o(t). Determine f(2).
-4
Let p(i) be the third derivative of -i**5/20 + i**4/6 - i**3/3 - 25*i**2 - 2*i. Calculate p(2).
-6
Let i(f) = -3*f - 1. Let p(g) = -5*g - 3. Let m(z) = -2*i(z) + p(z). Suppose 5*o - 22 = -3*r, 3*r - 2 = -0*o + 5*o. What is m(r)?
3
Let t(o) be the third derivative of -o**3/6 - 3*o**2. Let q(c) = c + 1. Let g(l) = -3*q(l) - 7*t(l). Suppose -3*d + 3 - 13 = -n, 4*d = 2*n - 16. Give g(n).
-8
Let n(l) = 6*l + 2*l**2 - l**2 - 13 - 2*l + 2 + 4. Determine n(-5).
-2
Let o = -262 + 264. Let a(s) be the first derivative of 3/2*s**2 + 3 - o*s. What is a(4)?
10
Suppose -w + 18 = 3*a, 25 = 5*a - 2*w + 6. Let t = -6 + 11. Let y(f) = -1 + f + t - 1 - 1. Give y(a).
7
Let h be ((9 - 2) + -1)*145/10. Let s = h - 87. Let x(q) be the third derivative of -q**6/120 + q**4/24 + 5*q**3/3 + q**2. Calculate x(s).
10
Let u(r) be the second derivative of -r**5/20 + r**4/4 - 2*r**3/3 + r**2 + 546*r. Determine u(2).
-2
Let h = 9 + -10. Let m(v) be the third derivative of -v**6/15 - v**5/30 + v**3/6 + 13*v**2. Calculate m(h).
7
Let d = 37 - 23. Suppose 5*k + 16 = -d. Let f(r) = -143*r**2 + 228*r**2 - 84*r**2 + 8*r - 4. Determine f(k).
-16
Let i(y) = 75*y - 297*y + 72*y + 34 + 71*y + 77*y. Give i(18).
-2
Let p(r) = r + 0*r - 6*r + 4*r. Let s(m) = -2. Let f(a) = p(a) + s(a). Calculate f(-2).
0
Suppose 0*d = -3*d + 9. Let a(z) be the first derivative of z**3/6 - 3*z + 1. Let w(v) be the first derivative of a(v). Give w(d).
3
Let y(v) be the third derivative of v**4/8 - v**3/2 - 3*v**2. Let p be 2 + (-2 - 3)/(-5). Determine y(p).
6
Let h(d) = -12*d - 45. Let v be h(-4). Let o(i) = 7 + 2*i - 24*i + 12*i - i**v + 10*i**2. Calculate o(9).
-2
Let k(b) be the third derivative of -3*b**5/10 + b**4/12 + b**3/6 - 10*b**2 - 5*b. Give k(-1).
-19
Let f(c) = c - 3. Suppose -11*d + 28 - 138 = 0. Give f(d).
-13
Let i(f) = 33*f - 18*f + 0*f - 1 + 17*f. Determine i(1).
31
Suppose -21 = 105*z - 98*z. Let r(h) = 2*h. What is r(z)?
-6
Let d(j) = -j**2 - 4*j - 4. Suppose 5*p - 8 + 33 = 0. Determine d(p).
-9
Let b(l) = -l**3 + l**2 - l + 1. Let k be b(1). Let w be k - (0/(-2) + -2). Suppose -4*s - 22 = w. Let j(t) = t + 3. Give j(s).
-3
Let n(b) = 2*b + 20. Let t be n(-9). Let p(w) = -5 - 1 - 10*w**t + 7 + 0 + 9*w + w**3. What is p(9)?
1
Let f = -46 + -71. Let o be (-6)/48 - f/(-24). Let u(x) = -2*x - 5. Determine u(o).
5
Let p(n) be the first derivative of n**2/2 + 3*n - 93. Calculate p(6).
9
Let s = -1483 + 1477. Let t(b) = -b + b + 2 - b. Give t(s).
8
Let f(k) = -24 - 8 + 24 - k**2 + 5*k. Give f(6).
-14
Suppose -3*k - 9 = 3*p, k = 2 + 2. Let q(x) = -x**3 - 8*x**2 - 10*x - 1. Calculate q(p).
20
Let r(v) = -5*v + 2*v + 1 - 5. Let o(k) = -3*k - 3. Let a(i) = -3*o(i) + 4*r(i). Give a(-5).
8
Let t(b) = b**2 + b - 1. Suppose -10*q = 3*q + 2*q. Determine t(q).
-1
Let n(x) = -847*x**3 + 4*x**2 + x**2 + 848*x**3. What is n(-4)?
16
Let z(q) = -q**2 + 11*q - 10. Let g = -14 + 22. Determine z(g).
14
Suppose -3*w = 5*h + 6, 5*h = 4*w - 5 + 13. Let l(t) be the second derivative of 0*t**2 + 1/6*t**3 + 2*t + 0. Determine l(w).
-2
Let p(l) = -8*l - 3. Suppose 0 = 272*y - 274*y - 12. Determine p(y).
45
Let y(a) = a**3 - 8*a**2 - 7*a - 10. Let c be y(9). Suppose 0 = c*l - 3*l. Suppose l = -2*f - d - 5, 4*f + 31 - 6 = -5*d. Let g(u) = u**3 + u**2 - 9. Give g(f).
-9
Let d(r) = r**2 - 8*r + 7. Suppose -89 = -2*j + g - 4*g, -4*g + 180 = 4*j. Let v = -11 + j. Let l = -30 + v. What is d(l)?
-8
Let v(q) = -7*q**2 + 2*q - 5. Let t(u) = u**2 - u + 1. Let f(c) = -6*t(c) - v(c). Give f(-5).
4
Let o(g) = -g**2 + 2*g. Let l(d) = -3*d**2 + 5*d - 5. Let c(z) = -l(z) + 4*o(z). What is c(5)?
-5
Let u(o) = -6*o + 7 - o**2 + 4*o + 8 + 2*o**2 - 8*o. What is u(11)?
26
Let p(a) be the second derivative of a**6/720 - a**5/120 + a**4/3 - 5*a. Let v(s) be the third derivative of p(s). Give v(-6).
-7
Let l(q) be the third derivative of q**6/120 + q**5/20 - q**4/12 - 2*q**3/3 - 41*q**2. Calculate l(-3).
2
Let r(a) be the third derivative of -a**5/30 - 11*a**4/24 + 245*a**2. Determine r(-5).
5
Let u(d) be the third derivative of 0*d + 0 + 1/2*d**3 + 6*d**2 + 1/6*d**4. Let n(a) = -5*a - 4. Let v(k) = 5*n(k) + 6*u(k). Determine v(-3).
1
Let h(c) be the second derivative of -c**4/12 + c**3/3 + c**2 - 3*c - 3. What is h(-2)?
-6
Let h = -51 + 52. Let i be (5 - (-52)/(-12))/(h/(-9)). Let v(k) = k + 7. Give v(i).
1
Let b(z) be the second derivative of 0 + 1/12*z**4 - 7*z + 2/3*z**3 + 1/120*z**5 + 0*z**2. Let m(x) be the second derivative of b(x). What is m(-2)?
0
Let w be (-2)/6 + ((-15)/9 - -3). Let f(a) = 16*a - 1. Let g(y) be the first derivative of y**2/2 - 1. Let h(b) = -f(b) - g(b). Calculate h(w).
-16
Let l(r) = -r**3 - 4*r**2 + 5*r - 1. Let f be 2/7 + 390/(-91). Let m = f + -1. What is l(m)?
-1
Suppose 4*n + 4 = 0, n + 6 = 3*p - 4. Suppose 13 = -2*z + 3*z - p*d, 0 = -3*z - 2*d - 5. Let g(y) = 7*y - 1. Give g(z).
6
Let n(k) be the third derivative of 0 - 1/8*k**4 - 14*k**2 - 1/3*k**3 + 1/60*k**5 + 0*k. Let g(s) = 2*s + 1. Let q be g(1). Determine n(q).
-2
Let v(g) = -g**3 + 2*g**2 - 2*g + 2. Let z be v(0). Suppose -b = b, -z*d = -b. Let s(m) = m - 4. Determine s(d).
-4
Let x = -6 + 8. Suppose 10*h + x = 11*h. Suppose -2*o = -h*q + 6, -2 = -4*o + 2*q - 14. Let s(v) = 2*v + 4. Give s(o).
-2
Let h(d) be the second derivative of 1/3*d**4 - 1/2*d**2 - 12*d + 0 + 0*d**3. What is h(-1)?
3
Let q(w) = -w + 11. Suppose -g + 3*j = -0*g - 7, 2*g - 3*j - 8 = 0. Let z(o) = 1. Let s(l) = g*q(l) - 5*z(l). What is s(3)?
3
Let m(f) = 11*f - 7. Let p = -17 + 18. Let s(r) = p + 10 - 10*r - 3*r - 4*r. Let k(g) = -8*m(g) - 5*s(g). Determine k(3).
-8
Let j(p) = -p**3 + 15*p**2 - 37*p + 7. Let c be j(12). Let z(i) = i**2 + 5*i - 1. Give z(c).
-1
Let w(p) = -p**2 - p - 1. Let q(o) be the second derivative of 3*o**5/20 - o**4/12 + 2*o**3/3 + 3*o**2/2 + 10*o. Let m(b) = -q(b) - 2*w(b). Give m(2).
-17
Let t = -1072 + 1063. Let v(h) = 3*h + 7. Give v(t).
-20
Let s(t) = 5*t**2 + 4. Let w be ((-2)/(-8))/(2/40). Let i(m) be the first derivative of 2*m**3 - m**2/2 + 5*m + 7. Let p(z) = w*s(z) - 4*i(z). Give p(-5).
5
Let f(j) = -j**3 + 8*j**2 + 9*j + 3. Let o be f(9). Let s(g) = -g**2 + 10*g + 43. Let z be s(-3). Let r(c) = -c**3 - 4*c - z*c**2 + o + 4*c + 3*c. Give r(-5).
13
Let r(z) = 6*z - 17